{"id":827,"date":"2020-11-05T14:40:45","date_gmt":"2020-11-05T14:40:45","guid":{"rendered":"http:\/\/tab-ipm.si\/?page_id=827"},"modified":"2021-01-11T12:38:11","modified_gmt":"2021-01-11T12:38:11","slug":"kontakti","status":"publish","type":"page","link":"http:\/\/tab-ipm.si\/index.php\/kontakti\/","title":{"rendered":"Kontakti"},"content":{"rendered":"<p>[vc_row][vc_column][vc_column_text]<\/p>\n<h2 style=\"text-align: center;\">TAB-IPM d.o.o.<\/h2>\n<p style=\"text-align: center;\"><strong>\u017derjav 79<\/strong><\/p>\n<p style=\"text-align: center;\"><strong>Si-2393 \u010crna na Koro\u0161kem<\/strong><\/p>\n<p>[\/vc_column_text][\/vc_column][\/vc_row][vc_row][vc_column width=&#8221;1\/4&#8243;][staff staff=&#8221;748&#8243; style=&#8221;style_2&#8243;][\/vc_column][vc_column width=&#8221;1\/4&#8243; el_id=&#8221;staff&#8221;][staff staff=&#8221;747&#8243; style=&#8221;style_2&#8243;][\/vc_column][vc_column width=&#8221;1\/4&#8243;][staff staff=&#8221;743&#8243; style=&#8221;style_2&#8243;][\/vc_column][vc_column width=&#8221;1\/4&#8243;][staff staff=&#8221;985&#8243; style=&#8221;style_2&#8243;][\/vc_column][\/vc_row]<\/p>\n","protected":false},"excerpt":{"rendered":"<p>[vc_row][vc_column][vc_column_text] TAB-IPM d.o.o. \u017derjav 79 Si-2393 \u010crna na Koro\u0161kem [\/vc_column_text][\/vc_column][\/vc_row][vc_row][vc_column width=&#8221;1\/4&#8243;][staff staff=&#8221;748&#8243; style=&#8221;style_2&#8243;][\/vc_column][vc_column width=&#8221;1\/4&#8243; el_id=&#8221;staff&#8221;][staff staff=&#8221;747&#8243; style=&#8221;style_2&#8243;][\/vc_column][vc_column width=&#8221;1\/4&#8243;][staff staff=&#8221;743&#8243; style=&#8221;style_2&#8243;][\/vc_column][vc_column width=&#8221;1\/4&#8243;][staff staff=&#8221;985&#8243; style=&#8221;style_2&#8243;][\/vc_column][\/vc_row]<\/p>\n","protected":false},"author":1,"featured_media":0,"parent":0,"menu_order":0,"comment_status":"closed","ping_status":"closed","template":"","meta":[],"_links":{"self":[{"href":"http:\/\/tab-ipm.si\/index.php\/wp-json\/wp\/v2\/pages\/827"}],"collection":[{"href":"http:\/\/tab-ipm.si\/index.php\/wp-json\/wp\/v2\/pages"}],"about":[{"href":"http:\/\/tab-ipm.si\/index.php\/wp-json\/wp\/v2\/types\/page"}],"author":[{"embeddable":true,"href":"http:\/\/tab-ipm.si\/index.php\/wp-json\/wp\/v2\/users\/1"}],"replies":[{"embeddable":true,"href":"http:\/\/tab-ipm.si\/index.php\/wp-json\/wp\/v2\/comments?post=827"}],"version-history":[{"count":8,"href":"http:\/\/tab-ipm.si\/index.php\/wp-json\/wp\/v2\/pages\/827\/revisions"}],"predecessor-version":[{"id":986,"href":"http:\/\/tab-ipm.si\/index.php\/wp-json\/wp\/v2\/pages\/827\/revisions\/986"}],"wp:attachment":[{"href":"http:\/\/tab-ipm.si\/index.php\/wp-json\/wp\/v2\/media?parent=827"}],"curies":[{"name":"wp","href":"https:\/\/api.w.org\/{rel}","templated":true}]}}